
In base 13, what is 1 - 121472?
-121471
In base 2, what is -111100 - -1101001?
101101
In base 14, what is 3 - -1c741?
1c744
In base 11, what is -7128 - 3?
-7130
In base 3, what is 1200 + -22102110122?
-22102101222
In base 3, what is 111110122211 + -11?
111110122200
In base 11, what is 5568 - 121?
5447
In base 4, what is 1330300 + 33?
1330333
In base 12, what is 79 + b6a?
1027
In base 9, what is 14475 + 31?
14516
In base 6, what is 21 + -100215?
-100154
In base 15, what is 13b79 - 7?
13b72
In base 6, what is -3 - -13101254?
13101251
In base 11, what is 351 + -173?
189
In base 8, what is 16737320 - -4?
16737324
In base 15, what is -24 - -7e6?
7c2
In base 8, what is 673 + -122?
551
In base 6, what is -30 + 1235?
1205
In base 15, what is 2 + ab61?
ab63
In base 10, what is -137 + -3033?
-3170
In base 10, what is 21 - -589?
610
In base 11, what is -27733 - 29?
-27761
In base 10, what is 533598 + -3?
533595
In base 4, what is -111101 + 130130?
13023
In base 13, what is 5 - 62099?
-62094
In base 12, what is -6 + -287?
-291
In base 13, what is 236 + 4a?
283
In base 15, what is 36 - 379?
-343
In base 10, what is 66 + -25524?
-25458
In base 4, what is -21 - 3200312?
-3200333
In base 6, what is -322 + 2404?
2042
In base 15, what is -25c + -149?
-3a6
In base 11, what is 50 - 24733?
-24693
In base 14, what is 5 + 2d7b?
2d82
In base 14, what is 3793 - -2ab?
3a60
In base 13, what is -85 - -242?
18a
In base 3, what is 10200000 + 110?
10200110
In base 10, what is 65 + -1370?
-1305
In base 7, what is -3 - -120664?
120661
In base 10, what is 5 + -8040?
-8035
In base 13, what is 9 + 2747?
2753
In base 9, what is 51 - 14377?
-14326
In base 14, what is 11 - 18?
-7
In base 6, what is 211 - 102253?
-102042
In base 14, what is 36045 + 1?
36046
In base 15, what is 2 - -714?
716
In base 7, what is -646 + -2121?
-3100
In base 6, what is -12031 + 52?
-11535
In base 14, what is 5 - -18a1?
18a6
In base 15, what is -30 - -3649?
3619
In base 6, what is 10102 - -4335?
14441
In base 9, what is 2027 - 28?
1888
In base 12, what is 1 + 124393?
124394
In base 2, what is -110110000101110 - -1000?
-110110000100110
In base 13, what is -56 + -1100?
-1156
In base 15, what is 103a + -3?
1037
In base 4, what is 200 + 11131113?
11131313
In base 8, what is -51 + 7262?
7211
In base 10, what is -23 + 3846?
3823
In base 12, what is a74b9 - -3?
a7500
In base 15, what is 1898 - 8?
1890
In base 5, what is -22002 - 3?
-22010
In base 7, what is -2104633 + -1?
-2104634
In base 10, what is -5841 - 5?
-5846
In base 9, what is -72 + -10125?
-10207
In base 7, what is 232055 + 3?
232061
In base 9, what is 83 - -732?
825
In base 9, what is -4 - -35504?
35500
In base 14, what is -12c + -c08?
-d36
In base 9, what is -1 + 16884?
16883
In base 5, what is -1110 + 11?
-1044
In base 10, what is -29 - -7143?
7114
In base 14, what is 4280 + -61?
421d
In base 14, what is 1 - -6da?
6db
In base 9, what is -17420 + 24?
-17385
In base 16, what is -42c7 + -1?
-42c8
In base 7, what is -6 + 4333?
4324
In base 14, what is 11c4 + 183?
1367
In base 5, what is 1224020 + 10?
1224030
In base 5, what is 22 + -13213234?
-13213212
In base 11, what is 107 - -aa?
206
In base 5, what is 240424 + 23?
241002
In base 11, what is 0 - 340a0?
-340a0
In base 2, what is 100110010001 + 11011110?
101001101111
In base 6, what is -3 + 1023534?
1023531
In base 4, what is 0 + -11023032302?
-11023032302
In base 10, what is 193157 - 0?
193157
In base 6, what is -350230 + -243?
-350513
In base 5, what is -10333143 + -132?
-10333330
In base 12, what is -b00 + 376?
-746
In base 10, what is 7443 + 41?
7484
In base 9, what is -13 + 47022?
47008
In base 14, what is -196658 + 0?
-196658
In base 12, what is 39a4 - -a?
39b2
In base 2, what is 110001000001 + 101?
110001000110
In base 6, what is 2 + -2021150?
-2021144
In base 3, what is 1002002 - 2212?
222020
In base 3, what is 11 - -220101010?
220101021
In base 9, what is -22 - -1307?
1275
In base 12, what is -6114 - a0?
-61b4
In base 11, what is -16 + -25672?
-25688
In base 16, what is -138c + 3a?
-1352
In base 13, what is -12aa8 + -17?
-12ac2
In base 8, what is -7434 - -52?
-7362
In base 16, what is 13d + 447?
584
In base 6, what is 3541252 + 2?
3541254
In base 14, what is -15886 - 3?
-15889
In base 9, what is 2 - 1742735?
-1742733
In base 7, what is -4114 - 2500?
-6614
In base 15, what is 247c9 - 1c?
247ac
In base 15, what is 2 - 9b1c?
-9b1a
In base 12, what is -3b - -506?
487
In base 7, what is -1000445 + 3?
-1000442
In base 2, what is -111001110 + -111000000000?
-111111001110
In base 12, what is 46a7 - 8?
469b
In base 9, what is 5441458 - 0?
5441458
In base 6, what is 144543 - 25?
144514
In base 5, what is -300 + -3442?
-4242
In base 6, what is -3 - 3302144?
-3302151
In base 10, what is 19201 + -2?
19199
In base 6, what is -23335 - 210?
-23545
In base 11, what is -359404 - 8?
-359411
In base 13, what is -7b - -52c?
481
In base 2, what is 101100110 + -1100000?
100000110
In base 16, what is -4f + 1285?
1236
In base 5, what is 4 - 111322334?
-111322330
In base 3, what is 122 - 100022220121?
-100022212222
In base 14, what is 10 + -218a?
-217a
In base 14, what is -1 - 6b8b?
-6b8c
In base 16, what is 13 - -12c0?
12d3
In base 4, what is 10 - 10302210?
-10302200
In base 5, what is -100213 - 4?
-100222
In base 16, what is e - -1e18?
1e26
In base 8, what is 227476 - 1?
227475
In base 10, what is 733 - -2384?
3117
In base 7, what is -60 + -16161?
-16251
In base 16, what is -227e5 + 4?
-227e1
In base 9, what is -12260 - -60?
-12200
In base 7, what is 5 - -46120?
46125
In base 2, what is -11 + 1010101111100000?
1010101111011101
In base 5, what is -3 + 1004410?
1004402
In base 5, what is -2 - -12033011?
12033004
In base 4, what is 10200 - 3013?
1121
In base 10, what is -2493 + -8?
-2501
In base 6, what is 55055 + 4?
55103
In base 4, what is 201 - 1001?
-200
In base 4, what is 11 + 10002103?
10002120
In base 10, what is 32 + 18624?
18656
In base 15, what is -18869 + -3?
-1886c
In base 8, what is -207 - -3663?
3454
In base 8, what is 5 + 511304?
511311
In base 5, what is -4204140 + 13?
-4204122
In base 8, what is 154633 + -127?
154504
In base 5, what is 23013421 + -11?
23013410
In base 9, what is -83 - -3145?
3052
In base 9, what is -1783687 - 1?
-1783688
In base 3, what is 21 - 1212010?
-1211212
In base 11, what is 22 - 65a26?
-65a04
In base 7, what is -33 - 10?
-43
In base 6, what is -1 + -30413?
-30414
In base 14, what is -2 + 32c82?
32c80
In base 5, what is 320424433 + 10?
320424443
In base 16, what is 4 + -10fc5?
-10fc1
In base 15, what is 4a - -5d5?
630
In base 14, what is -133318 - 1?
-133319
In base 14, what is 1c9b + -6?
1c95
In base 4, what is -101113 - -10012?
-31101
In base 9, what is 26821 - -40?
26861
In base 3, what is 1210110 + 1112?
1211222
In base 5, what is 102 - 14222342?
-14222240
In base 3, what is 21 - -112200022?
112200120
In base 15, what is 2c0d - 7?
2c06
In base 13, what is 2 + a18c?
a191
In base 10, what is 69 - 206?
-137
In base 13, what is 135 + 43c?
574
In base 4, what is 2001 + -1023?
312
In base 9, what is 1217 + 185?
1413
In base 16, what is -a0f25 + 0?
-a0f25
In base 4, what is -100023033 + 201?
-100022232
In base 16, what is -98f + b?
-984
In base 6, what is 50 - -1423?
1513
In base 10, what is -8 - -121519?
121511
In base 10, what is 582 + -102?
480
In base 4, what is -233 + -1033?
-1332
In base 11, what is -4 - 6a6?
-6aa
In base 11, what is 19 + 1945?
1963
In base 11, what is a293a - -1?
a2940
In base 2, what is -1101011 - 110010001?
-111111100
In base 10, what is -1 - -88546?
88545
In base 10, what is -3826 + -79?
-3905
In base 16, what is -2 - -1f978?
1f976
In base 5, what is 30043 - 2?
30041
In base 2, what is 11111 + -1010011011?
-1001111100
In base 10, what is 1874 + -4?
1870
In base 5, what is -10033040 - -4?
-10033031
In base 16, what is ce + 1ef?
2bd
In base 9, what is 40 - -8222?
8262
In base 14, what is 1b3d - -45?
1b84
In base 13, what is 1c9 - -277?
473
In base 12, what is b48a + 2?
b490
In base 2, what is 10010000 + -111100011?
-101010011
In base 4, what is 1202 + -1101132?
-1033330
In base 7, what is 1306634 - -3?
1306640
In base 5, what is 3 + 133214?
133222
In base 15, what is 1 + 1711?
1712
In base 13, what is 4 - -5ba75?
5ba79
In base 7, what is 34604 - 2?
346